 - 2/(1/1). What is the units digit of (-4)/8*138*m/6?
6
Let n(u) = 9 + 2*u - 6 + 19 + u. What is the tens digit of n(7)?
4
Let r = -25 - -6. Suppose -12*p + 572 - 32 = 0. Let f = p + r. What is the units digit of f?
6
Suppose 0 = -4*z - 5*c - 112, -2*z - 3*c - 56 = -0*z. Let u be (10 + -2)*27/4. Let v = z + u. What is the units digit of v?
6
Let u(v) be the second derivative of v**4/2 - 3*v**2 - 8*v. What is the units digit of u(4)?
0
Let y = 57 + -51. Suppose 3*c - 2*v - 350 = 0, -2*c + 5*v = -y*c + 459. What is the units digit of c?
6
Let n(s) = -s + 11. Let i be n(-12). Let d = i - 7. Suppose -2*r - d = -3*r. What is the tens digit of r?
1
Let m(n) = 3*n**2 + 64*n + 11. What is the hundreds digit of m(6)?
5
Suppose 2*z + 65 = -3*f, 0 = f + 3. Let t = z + 30. Suppose -332 = -5*d + 2*w, -2*w - 69 = -t*d + 59. What is the tens digit of d?
6
Let g = 726 + 868. What is the hundreds digit of g?
5
Let t = 15 + -14. Let x be (t + -1 - -76) + -2. Let s = 130 - x. What is the tens digit of s?
5
Let s be -1*5*-6*6/45. Suppose s = -2*x + 6*x. What is the units digit of x?
1
Let c = 2731 - 279. What is the hundreds digit of c?
4
Let k = 14 - -25. Let x(w) = -10*w. Let h be x(-5). Suppose 0 = -3*r + l + 91, -2*r + h = 5*l - k. What is the units digit of r?
2
Let q(k) = -16*k - 1. Let s = -12 - 1. Let u = s - -12. What is the tens digit of q(u)?
1
Suppose 0 = -3*l - 2*f + 582, 46*l - 49*l = -4*f - 600. What is the hundreds digit of l?
1
Suppose 513 = 3*k + 2*o - 4*o, -5*k + 871 = 2*o. Suppose 5*n - k = 112. What is the tens digit of n?
5
Let c be ((1 + 2)*-1)/1. Let f = 4 + 17. What is the tens digit of (-2)/c + 364/f?
1
Suppose 0 = 2*t + k - 483, 4*t - 2*k - 972 = 2*k. What is the units digit of t?
2
Suppose -4*r + 4*n + 3160 = 0, -5*n + 918 = -2*r + 2498. Suppose 8*a - r = -5*u + 3*a, 5*u = -3*a + 792. What is the hundreds digit of u?
1
Suppose 3*x - o - 53 = -0*x, -4*x = -o - 71. Let d = x + -15. What is the units digit of ((-102)/(-9))/(1/d)?
4
Let v(r) be the first derivative of 7*r**3/3 - r - 1. Suppose -3 = 4*g + 5. What is the units digit of v(g)?
7
Let m be (-4)/(-4) + -3 - 64. Let f = m + 139. Let o = f - 52. What is the tens digit of o?
2
Let f(l) = 2*l**2 - 3*l + 975. What is the hundreds digit of f(0)?
9
Let r(j) = 2*j**2 + 8*j + 1. Suppose -2*n = 3*n - 60. Let q be n/((-4)/((-24)/(-9))). What is the units digit of r(q)?
5
Let n(g) = -g**3 - 13*g**2 - 13*g - 17. Let l be n(-13). Let f = l + -108. What is the tens digit of f?
4
Suppose -3*b = -0*b - 24. Suppose -10*q + b = -14*q. Let u(x) = -x**3 - x**2 - 2*x - 3. What is the units digit of u(q)?
5
Suppose 0 = 5*d - 33 + 3. Suppose 4*l + 7*j = 3*j + 24, -2*j = -2*l. Suppose d = -l*r - 0*r, 4*r + 71 = 3*n. What is the tens digit of n?
2
Suppose -2 = 2*c + 2*c - 2*h, -5*c + h = 1. Suppose 2 = x, -p + c*x = 3*x - 11. Suppose 4*d + 24 = 3*t + p*d, 2*d = 6. What is the units digit of t?
7
Let c(n) = 2*n**3 - 25*n**2 - 7*n + 22. Let b(z) = z**3 - 13*z**2 - 4*z + 11. Let d(i) = 7*b(i) - 4*c(i). What is the units digit of d(5)?
9
Let u(r) be the first derivative of r**2 + 24*r + 9. What is the units digit of u(0)?
4
Let b(s) = 3*s**2 + 4*s + 2. Let t be b(-2). Suppose 880 = t*x - 338. What is the tens digit of x?
0
Suppose 0 = -d + 5*d + n + 6, -2*n + 2 = d. What is the tens digit of 49 - (-1)/(-1)*(d + 3)?
4
What is the hundreds digit of 24*-2*(-483)/28?
8
What is the hundreds digit of 0 + 248 - (3 - 0)?
2
Suppose -138 = 7*j + 702. Let k = j - -203. What is the units digit of k?
3
Let a(x) = -22*x - 4. Let i be a(7). Let n = -93 - i. What is the units digit of n?
5
Let v be (-1)/(-1*(-3)/(-12)). Suppose -9 = -2*u - l - v*l, -4*u = 2*l + 6. What is the tens digit of u/(6/(-4)) + 13?
1
Suppose 6*b - 958 = 14. Suppose -42*f = -41*f - b. What is the units digit of f?
2
Let p = 438 - 128. What is the tens digit of 3/(-2) - p/(-20)?
1
Let u(k) = -k**3 + 21*k**2 + 28*k + 31. What is the hundreds digit of u(14)?
7
Let i(a) be the second derivative of 3*a**4/4 - 3*a**3/2 - 5*a**2/2 - 33*a. What is the tens digit of i(-2)?
4
Let k = -590 + 764. What is the tens digit of k?
7
Let h = 26 + -26. Suppose 4*o = -2*q - h*o + 60, o + 120 = 4*q. Suppose -16*t = -19*t + q. What is the tens digit of t?
1
Let m be 1686*3/(-12)*-2. Suppose 0 = 8*z + 307 - m. What is the units digit of z?
7
Let n be 0/2*1/(-4). Let c(r) = r. Let g be c(n). Suppose g*z = -3*z + 75. What is the tens digit of z?
2
What is the units digit of (-10160)/30*4/(56/(-147))?
6
Let w be (-9)/(-4*3/(-56)). Let h = w - -19. Let v = h - -66. What is the tens digit of v?
4
Let m be 52/(-6) - (-1)/(-3). Let j(k) = -k**3 - 9*k**2 + 2. Let p be j(m). What is the units digit of (-16 - 2)*p/(-6)?
6
Suppose 6*k + 1906 - 346 = 0. What is the tens digit of (1/(-2))/(2/k)?
6
Suppose -3*g + 0*g - 3*b + 3135 = 0, -2 = 2*b. What is the units digit of g?
6
Let n(t) = -5*t - 18. Let f be n(-4). Suppose f*u - u + 4*c = 122, -3*u + 394 = 5*c. What is the units digit of u?
8
Let t be (-1)/((-1)/(-26)) - -2. Let f = -21 - t. Suppose f*p - 52 = 5*q, 5*q = -2*p + 4*p - 28. What is the units digit of p?
4
Let k(i) = -i - 4. Let g be k(4). What is the units digit of (2 - -23)*(g + 11)?
5
Let y = -1 - -1. Suppose -4*b - 2*l - 6 = y, -5*b + 9 = -b - 3*l. Suppose 5*o - 163 = -r, 0 = -4*o + 2*r - b*r + 122. What is the tens digit of o?
3
Let w(u) = 2*u**3 - 13*u**2 - 21*u + 81. What is the tens digit of w(10)?
7
Let c = -1090 - -2659. What is the thousands digit of c?
1
Let j(q) = 2*q + 29. Let u(c) = -6*c - 18. Let w be u(-4). What is the units digit of j(w)?
1
Suppose 0 = 4*d + 5*l - 3675, -2*l = -6*l - 20. Suppose 8*y = 3*y + d. What is the tens digit of y?
8
Let c = 46 - 106. Let y = 69 - c. What is the tens digit of y?
2
Let m(f) = f**2 - f + 850. What is the tens digit of m(0)?
5
Let c be 9/6*(-1820)/(-21). Let w = -102 + c. What is the tens digit of w?
2
Let n be ((-84)/36)/(1/(-3)). Let h = n + -4. Suppose -35 = -h*c + 31. What is the units digit of c?
2
Let p(s) = -2*s**3 - s**2 - 4*s. Suppose 0*x + 3 = -x + 3*z, 3 = -x + z. What is the units digit of p(x)?
7
Let r be -21*(-40)/15 - 3. Let c = 25 - r. Let m = c + 70. What is the tens digit of m?
4
Let r(c) = c - 8. Let x be r(7). What is the hundreds digit of (399 - x)*(-6)/(-15)?
1
Suppose -4*n = 3*z + 1728, -2*n - 2179 = 3*n - z. Let u = -304 - n. What is the units digit of u?
1
Suppose 2*o - 2 = 4*q, q - 2*o - 1 = -3. Let m(d) = -2 - 7*d**2 + d**2 - 3*d**3 + q*d**3 + 2*d**3 - d. What is the units digit of m(-6)?
4
Let j(y) = -y**3 - 7*y**2 + 6*y - 3. Let q(h) = -12*h + 4. Let w(l) = -l**2 + l. Let u(t) = q(t) - w(t). Let z be u(12). What is the units digit of j(z)?
3
Let f = 69 - 65. Suppose 1730 = 6*r + f*r. What is the hundreds digit of r?
1
Let i(a) = a**2 - 8*a. Let w be i(6). Let k(m) = -m**2 - 26*m - 21. What is the hundreds digit of k(w)?
1
Suppose -2*z + 1295 = -5*n, -6*z + 2*n = -9*z + 1990. What is the hundreds digit of z?
6
Suppose -3*d + 1659 = 3*i, d + 0*i = 3*i + 545. Suppose 3*u = -4*q + d, -4*u = 5*q - 3*q - 738. What is the units digit of u?
5
Let a = 3778 - 1823. What is the units digit of a?
5
Let k(t) = -7*t**3 + 4*t**2 + 14*t - 9. What is the units digit of k(-5)?
6
Let q = 19 - 1. Let k be (-2)/13 + q/117. Suppose -r = -p, k = r - p - 4*p + 4. What is the units digit of r?
1
Suppose -91*d + 98*d - 763 = 0. What is the hundreds digit of d?
1
Suppose -12*g = -13*g - 10. Let x(u) = -u - 6. Let j be x(g). What is the units digit of 0/(-2)*-1 + j?
4
Suppose -2*f - 5*g + 253 = 0, f = 4*g - 16 + 136. Suppose -3*j + 14 = -f. What is the units digit of j?
6
Let w = 566 - -49. What is the units digit of w?
5
Let z be -16*(-3 + (-15)/(-6)). Let h be -1*1/(-2)*z. Suppose 5*c = 2*j - 8, -3*c - c - 40 = -h*j. What is the units digit of j?
4
Suppose -42 = -3*z - w + 659, -2*w - 8 = 0. Suppose 0 = -5*y + z + 110. What is the tens digit of y?
6
Suppose 97*k = 95*k - 64. Let l(g) = g**3 + 3*g**2 - 8*g - 4. Let p be l(-5). Let j = p - k. What is the tens digit of j?
1
Let p = -500 - -732. What is the tens digit of p?
3
What is the hundreds digit of (-22482)/4*(40/(-15) - -2)?
7
Let g be 42/273 - (-1 + (-2728)/13). Let s = g - 103. What is the tens digit of s?
0
Let w be ((-6)/8 - (-2)/(-8))/(-1). What is the u